-2*q**3 + 275*q**2 + 3088*q + 17. What is n(-11)?
1986
Let o(k) = -2*k**3 + 47*k**2 + 130*k - 2523. What is o(24)?
21
Let s(n) = -1682*n - 1100033. What is s(-654)?
-5
Let h(w) = -44278*w - 11069502. Calculate h(-250).
-2
Let z(j) = -83*j + 1501. Calculate z(31).
-1072
Let z(a) = 22*a**3 - 90*a**2 + 177*a - 11. What is z(2)?
159
Let x(g) = 187844*g + 751383. Determine x(-4).
7
Let b(h) = 57*h**2 + 1534*h - 146. Give b(-27).
-11
Let k(i) = 5*i**3 - 60*i**2 + 29*i - 337. Determine k(12).
11
Let n(i) = -79889*i + 559273. Give n(7).
50
Let h(x) = 12*x**2 + 516*x + 565. What is h(-42)?
61
Let v(y) = -y**3 - 185*y**2 - 162*y + 4079. Determine v(-184).
31
Let f(q) = 775*q + 148809. Determine f(-192).
9
Let a(x) = 5*x**3 + 62*x**2 + 4045*x + 53104. What is a(-13)?
12
Let z(c) = 2*c**2 + 7945*c + 55524. Calculate z(-7).
7
Let k(b) = -13711*b - 1343678. What is k(-98)?
0
Let j(f) = f**2 + 5943*f - 1. Determine j(0).
-1
Let z(a) = -23767*a + 237646. Determine z(10).
-24
Let a(h) = h**3 - 1894*h**2 - 9452*h + 228. What is a(-5)?
13
Let l(k) = 1634*k**2 - 150329*k + 84. Determine l(92).
-8
Let s(y) = -y**3 - 917*y**2 - 8296*y - 112589. Calculate s(-908).
3
Let c(g) = -12105*g + 86030. Calculate c(7).
1295
Let s(c) = -787*c + 17446. Give s(22).
132
Let y(g) = 92359*g - 369399. Give y(4).
37
Let f(b) = -188*b + 57844. Calculate f(312).
-812
Let q(d) = -2*d**2 + 57*d - 1256. Give q(19).
-895
Let l(k) = 23*k**3 - 9*k**2 + 78*k + 684. What is l(-5)?
-2806
Let a(q) = 847*q - 286435. Determine a(338).
-149
Let x(m) = m**3 + 152*m**2 - 2509*m - 444. Give x(-167).
224
Let b(l) = 14508*l + 28990. Give b(-2).
-26
Let s(i) = -49*i**2 - 25775*i - 152886. Calculate s(-6).
0
Let s(f) = -24721*f - 5586948. Determine s(-226).
-2
Let d(n) = -234*n - 63792. Calculate d(-274).
324
Let y(c) = 686*c - 6802. Give y(10).
58
Let l(u) = u**3 + 81*u + 232. Determine l(-3).
-38
Let c(k) = -k**3 - 17*k**2 - 286*k - 1874. What is c(-8)?
-162
Let x(b) = -2*b**3 + 71*b**2 - 145*b - 663. Determine x(33).
-3
Let j(c) = -10541*c - 358619. Calculate j(-34).
-225
Let b(j) = -j**3 - 48*j**2 - 444*j + 421. What is b(-15)?
-344
Let l(k) = -2*k**3 + 231*k**2 - 3287*k + 2012. Determine l(99).
32
Let m(u) = -3*u**3 - 14*u**2 + 11*u + 23. Give m(-4).
-53
Let z(r) = -r**3 + 157*r**2 - 2651*r - 12116. Calculate z(137).
77
Let x(u) = -2*u**3 - 114*u**2 - 1612*u + 199. What is x(-27)?
-17
Let p(j) = 3*j**2 + 65855*j - 15. Give p(0).
-15
Let t(p) = -17*p**2 - 718*p - 3402. Determine t(-37).
-109
Let g(d) = 7218*d + 78803. What is g(-11)?
-595
Let o(h) = 2*h**3 + 20*h**2 + 3*h - 211. Calculate o(-13).
-1264
Let b(q) = -88944*q - 533209. What is b(-6)?
455
Let w(l) = l**3 - 4*l**2 - 785*l + 4645. What is w(6)?
7
Let a(s) = s**3 - 236*s**2 + 5235*s + 426. What is a(25)?
-574
Let i(g) = -177*g**2 - 9184*g + 464. What is i(-52)?
-576
Let k(a) = 2411*a - 113353. What is k(47)?
-36
Let l(u) = 62*u - 8640. Determine l(144).
288
Let v(h) = 407*h + 76125. Determine v(-187).
16
Let j(a) = -3*a**2 - 3292*a - 26345. Calculate j(-8).
-201
Let r(t) = -2*t**3 + 8*t**2 - 76*t + 681. Determine r(6).
81
Let x(u) = 620782*u - 4345445. Calculate x(7).
29
Let o(u) = -2*u**2 + 1181*u + 41127. Give o(-33).
-24
Let l(o) = -o**2 + 17481*o + 1988158. What is l(-113)?
36
Let n(f) = f**3 + 219*f**2 - 4512*f + 3060. Calculate n(-238).
680
Let x(d) = -73*d**2 + 14235*d + 107. Determine x(195).
107
Let h(a) = 114*a + 4523. What is h(-38)?
191
Let y(q) = -q**3 + 5*q**2 + 2258*q - 15710. Give y(7).
-2
Let m(h) = 21042*h + 84178. Calculate m(-4).
10
Let h(v) = -3360*v - 71878. What is h(-21)?
-1318
Let d(u) = -548*u + 14117. What is d(24)?
965
Let r(w) = -w**3 - 392*w**2 - 36481*w - 208. What is r(-240)?
32
Let z(n) = -3315*n + 125769. Calculate z(38).
-201
Let t(i) = 2412*i**2 - 16895*i + 75. Calculate t(7).
-2
Let i(v) = -3*v**3 - 130*v**2 + 30*v - 2534. Give i(-44).
18
Let z(i) = i**3 + 68*i**2 - 39*i - 348. What is z(-68)?
2304
Let w(j) = -j**2 - 1162869*j + 4651479. Calculate w(4).
-13
Let l(t) = 111280*t + 667684. Calculate l(-6).
4
Let l(a) = -23401*a + 23375. Determine l(1).
-26
Let w(t) = 11504*t + 102684. Determine w(-9).
-852
Let a(d) = -7162*d + 28701. Calculate a(4).
53
Let p(u) = u**2 - 2144*u + 431780. Determine p(225).
5
Let c(r) = -3*r**3 - 429*r**2 - 13814*r + 465. Determine c(-94).
89
Let o(n) = n**3 + 17*n**2 - 472*n - 7833. Determine o(-16).
-25
Let a(s) = -49*s**2 + 1092*s - 1352. Determine a(21).
-29
Let y(b) = 15*b**2 + 546*b + 6381. Determine y(-12).
1989
Let s(u) = 56026*u - 2016938. What is s(36)?
-2
Let n(f) = 6*f**2 + 35*f + 98. Give n(14).
1764
Let j(r) = r**3 - 31*r**2 + 88*r - 905. Determine j(29).
-35
Let s(o) = 1092*o + 27250. Calculate s(-25).
-50
Let a(d) = -4*d**2 + 7*d - 5. Calculate a(-8).
-317
Let m(w) = -2*w**2 + 136830*w + 2189822. What is m(-16)?
30
Let x(w) = 12864*w + 1119169. What is x(-87)?
1
Let h(b) = 208714*b - 2921969. Determine h(14).
27
Let m(n) = -6*n**2 + 991*n - 100. Calculate m(165).
65
Let v(y) = 1270*y + 7557. Determine v(-6).
-63
Let r(p) = -177*p - 134. Give r(2).
-488
Let o(w) = w**2 - 70*w + 240. What is o(11)?
-409
Let h(u) = 193*u + 8733. What is h(-45)?
48
Let r(i) = 70794*i - 212390. Calculate r(3).
-8
Let i(f) = 239*f + 245. Calculate i(0).
245
Let b(p) = -2*p**3 - 35*p**2 - 213*p - 2634. What is b(-16)?
6
Let k(v) = 16451*v + 33865. Calculate k(-2).
963
Let f(z) = 26536*z - 80082. What is f(3)?
-474
Let w(p) = -21*p + 1168. Give w(52).
76
Let m(i) = -206067*i + 4327417. Calculate m(21).
10
Let q(m) = -m**3 - 67*m**2 - 205*m - 785. Determine q(-64).
47
Let f(q) = -1528*q**2 - 27505*q - 16. Give f(-18).
2
Let p(q) = q**3 + 73*q**2 - 1429*q - 104373. Give p(-73).
-56
Let t(s) = -5*s**3 + 91*s**2 - 63*s + 347. Determine t(18).
-463
Let q(d) = d**2 - 6082*d + 66778. Give q(11).
-3
Let w(b) = -6384*b + 121213. What is w(19)?
-83
Let r(m) = -737*m**3 - 4*m + 3. What is r(1)?
-738
Let f(k) = 55267*k + 2763380. What is f(-50)?
30
Let h(g) = 4410*g - 114674. Determine h(26).
-14
Let w(d) = -d**3 + 52*d**2 - 197*d + 63. Determine w(3).
-87
Let m(s) = 5552*s - 11347. What is m(2)?
-243
Let s(y) = -329*y**2 + 5237*y + 49. Calculate s(16).
-383
Let q(z) = -450*z + 13. What is q(0)?
13
Let s(m) = 15*m**3 + 28*m**2 + 10*m - 102. Calculate s(5).
2523
Let t(h) = 3*h**3 - 33*h**2 - 351*h - 47. Determine t(-7).
-236
Let d(n) = 4*n**2 + 1814*n - 9184. What is d(5)?
-14
Let s(n) = -7*n**3 - 38*n**2 + 162*n + 46. Calculate s(4).
-362
Let g(d) = -278*d + 66356. Give g(238).
192
Let f(n) = 2*n**2 - 325*n + 11129. Determine f(115).
204
Let g(h) = -252*h - 58184. Determine g(-231).
28
Let l(y) = 2*y**3 + 1309*y**2 + 62120*y + 6659. Determine l(-603).
26
Let t(v) = -399*v - 2683. Calculate t(-5).
-688
Let i(d) = 2*d**3 + 45*d**2 - 4444*d - 33. Determine i(0).
-33
Let j(h) = -35362*h + 2015638. Give j(57).
4
Let v(c) = 3*c**2 + 365*c + 174. Calculate v(-116).
-1798
Let u(g) = 11*g**2 + 300*g + 2368. Determine u(-7).
807
Let g(s) = 895*s - 25450. What is g(27)?
-1285
Let j(q) = q**3 + 41*q**2 - 278*q - 4409. Calculate j(-45).
1
Let n(y) = 4*y**2 + 390*y - 979. What is n(-101)?
435
Let k(q) = -8382*q - 100599. Give k(-12).
-15
Let v(u) = -3*u**2 + 2593*u + 28690. Calculate v(-11).
-196
Let i(q) = -122*q**3 + 13816*q**2 + 72134*q + 15. Give i(-5).
-5
Let d(h) = -h**3 + 140*h**2 + 6357*h - 3711. Give d(176).
-15
Let i(j) = 3353*j + 865078. What is i(-258)?
4
Let j(a) = 109*a**2 + 3873*a + 5665. Determine j(-34).
-13
Let d(o) = -1316*o + 313252. Determine d(238).
44
Let h(v) = 1791*v - 75800. Determine h(42).
-578
Let r(y) = -15170*y + 60695. What is r(4)?
15
Let v(s) = -1945*s - 2566. Calculate v(-1).
-621
Let k(h) = -323006*h + 12920195. Give k(40).
-45
Let p(i) = 6*i**3 - 8496*i**2 + 25420*i + 19786. What is p(1413)?
4
Let f(i) = i**3 - 96*i**2 + 195*i - 379. Determine f(94).
279
Let d(b) = -888*b - 3651. Give d(-4).
-99
Let n(i) = 393*i - 8968. Determine n(17).
-2287
Let h(u) = -31*u + 4632. What is h(149)?
13
Let k(y) = 824*y - 233182. Calculate k(283).
10
Let w(x) = 7*x**3 + 1271*x**2 + 6845*x - 3329. Give w(-176).
15
Let s(f) = -f**3 - 62*f**2 + 7706*f + 99670. Give s(-12).
-2
Let p(y) = -414*y**2 + 8815*y - 2540. Give p(21).
1
Let k(q) = 191*q**2 + 1887*q - 233. Calculate k(-10).
-3
Let k(q)